s the thousands digit of 4456?
4
What is the tens digit of 374?
7
What is the units digit of 27972?
2
What is the thousands digit of 1451?
1
What is the tens digit of 3818?
1
What is the tens digit of 9348?
4
What is the units digit of 14110?
0
What is the thousands digit of 1500?
1
What is the tens digit of 5065?
6
What is the tens digit of 866?
6
What is the thousands digit of 16304?
6
What is the thousands digit of 5320?
5
What is the units digit of 1100?
0
What is the units digit of 5081?
1
What is the tens digit of 2637?
3
What is the thousands digit of 17764?
7
What is the hundreds digit of 11913?
9
What is the units digit of 1894?
4
What is the units digit of 510?
0
What is the ten thousands digit of 54169?
5
What is the hundreds digit of 9222?
2
What is the hundreds digit of 12644?
6
What is the units digit of 123?
3
What is the units digit of 6932?
2
What is the thousands digit of 5740?
5
What is the tens digit of 22079?
7
What is the tens digit of 936?
3
What is the thousands digit of 46604?
6
What is the thousands digit of 6046?
6
What is the thousands digit of 3855?
3
What is the thousands digit of 70437?
0
What is the thousands digit of 9582?
9
What is the thousands digit of 10071?
0
What is the tens digit of 30882?
8
What is the thousands digit of 21086?
1
What is the hundreds digit of 27140?
1
What is the tens digit of 1946?
4
What is the tens digit of 625?
2
What is the hundreds digit of 43639?
6
What is the hundreds digit of 4127?
1
What is the units digit of 38300?
0
What is the thousands digit of 17176?
7
What is the tens digit of 6202?
0
What is the hundreds digit of 2734?
7
What is the tens digit of 1446?
4
What is the tens digit of 3681?
8
What is the tens digit of 6232?
3
What is the hundreds digit of 28917?
9
What is the tens digit of 28533?
3
What is the ten thousands digit of 71933?
7
What is the units digit of 577?
7
What is the hundreds digit of 1487?
4
What is the thousands digit of 5561?
5
What is the tens digit of 7075?
7
What is the hundreds digit of 737?
7
What is the units digit of 14693?
3
What is the thousands digit of 12197?
2
What is the hundreds digit of 613?
6
What is the units digit of 1133?
3
What is the tens digit of 292?
9
What is the ten thousands digit of 79513?
7
What is the hundreds digit of 5047?
0
What is the thousands digit of 13155?
3
What is the thousands digit of 6256?
6
What is the thousands digit of 5118?
5
What is the hundreds digit of 14544?
5
What is the tens digit of 648?
4
What is the hundreds digit of 21285?
2
What is the hundreds digit of 2055?
0
What is the ten thousands digit of 20632?
2
What is the hundreds digit of 9373?
3
What is the hundreds digit of 2177?
1
What is the tens digit of 7294?
9
What is the ten thousands digit of 19504?
1
What is the tens digit of 2766?
6
What is the hundreds digit of 1104?
1
What is the hundreds digit of 31005?
0
What is the units digit of 20229?
9
What is the hundreds digit of 3556?
5
What is the units digit of 436?
6
What is the ten thousands digit of 16286?
1
What is the ten thousands digit of 57733?
5
What is the tens digit of 20669?
6
What is the ten thousands digit of 25789?
2
What is the tens digit of 4626?
2
What is the hundreds digit of 18013?
0
What is the units digit of 4020?
0
What is the tens digit of 40319?
1
What is the units digit of 1772?
2
What is the thousands digit of 97060?
7
What is the tens digit of 46700?
0
What is the ten thousands digit of 26113?
2
What is the hundreds digit of 225?
2
What is the tens digit of 201?
0
What is the units digit of 987?
7
What is the units digit of 3997?
7
What is the thousands digit of 4157?
4
What is the ten thousands digit of 26150?
2
What is the tens digit of 3249?
4
What is the units digit of 3999?
9
What is the tens digit of 757?
5
What is the hundred thousands digit of 192022?
1
What is the tens digit of 6575?
7
What is the thousands digit of 2801?
2
What is the units digit of 14270?
0
What is the tens digit of 2144?
4
What is the tens digit of 7612?
1
What is the ten thousands digit of 46979?
4
What is the units digit of 4455?
5
What is the thousands digit of 5959?
5
What is the tens digit of 1112?
1
What is the tens digit of 623?
2
What is the thousands digit of 16007?
6
What is the units digit of 42047?
7
What is the hundreds digit of 3034?
0
What is the units digit of 11093?
3
What is the thousands digit of 4021?
4
What is the tens digit of 8019?
1
What is the ten thousands digit of 17341?
1
What is the units digit of 3926?
6
What is the hundreds digit of 786?
7
What is the tens digit of 114?
1
What is the tens digit of 50258?
5
What is the thousands digit of 9390?
9
What is the ten thousands digit of 120869?
2
What is the thousands digit of 8076?
8
What is the hundreds digit of 27424?
4
What is the hundreds digit of 6124?
1
What is the thousands digit of 2710?
2
What is the tens digit of 3389?
8
What is the tens digit of 10869?
6
What is the thousands digit of 42657?
2
What is the units digit of 7839?
9
What is the hundreds digit of 7406?
4
What is the units digit of 2329?
9
What is the units digit of 3891?
1
What is the hundreds digit of 7438?
4
What is the units digit of 12312?
2
What is the units digit of 10706?
6
What is the thousands digit of 18818?
8
What is the tens digit of 645?
4
What is the thousands digit of 48921?
8
What is the units digit of 12952?
2
What is the hundreds digit of 2223?
2
What is the tens digit of 290?
9
What is the units digit of 25421?
1
What is the hundreds digit of 14342?
3
What is the units digit of 483?
3
What is the units digit of 634?
4
What is the tens digit of 31844?
4
What is the units digit of 7103?
3
What is the ten thousands digit of 20375?
2
What is the hundreds digit of 10445?
4
What is the tens digit of 1121?
2
What is the hundreds digit of 10594?
5
What is the hundreds digit of 832?
8
What is the tens digit of 2274?
7
What is the hundreds digit of 12445?
4
What is the hundreds digit of 39329?
3
What is the thousands digit of 1182?
1
What is the hundreds digit of 5994?
9
What is the ten thousands digit of 33136?
3
What is the units digit of 3126?
6
What is the ten thousands digit of 29638?
2
What is the units digit of 116?
6
What is the hundreds digit of 1861?
8
What is the ten thousands digit of 58201?
5
What is the units digit of 764?
4
What is the hundreds digit of 379?
3
What is the tens digit of 816?
1
What is the hundreds digit of 25904?
9
What is the hundreds digit of 490?
4
What is the units digit of 1383?
3
What is the units digit of 22597?
7
What is the tens digit of 22096?
9
What is the units digit of 31073?
3
What is the hundreds digit of 12277?
2
What is the tens digit of 720?
2
What is the tens digit of 5973?
7
What is the hundreds digit of 8095?
0
What is the units digit of 3255?
5
What is the tens digit of 2825?
2
What is the thousands digit of 39621?
9
What is the units digit of 4491?
1
What is the hundreds digit of 124?
1
What is the units digit of 63?
3
What is the units digit of 663?
3
What is the units digit of 16113?
3
What is the hundreds digit of 3136?
1
What is the tens digit of 3234?
3
What is the thousands digit of 8094?
8
What is the ten thousands digit of 13170?
1
What is the units digit of 33604?
4
What is the units digit of 5755?
5
What is the hundreds digit of 761?
7
What is the units digit of 818?
8
What is the hundreds digit of 372?
3
What is the ten thousands digit of 191206?
9
What is the tens digit of 757?
5
What is the thousands digit of 31678?
1
What is the hundreds digit of 151?
1
What is the hundreds digit of 108920?
9
What is the units digit of 8917?
7
What is the ten thousands digit of 13915?
1
What is the thousands digit of 2057?
2
What is the thousands digit of 5457?
5
What is the units digit of 19799?
9
What is the units digit of 1260?
0
What is the units digit of 35?
5
What is the thousands digit of 5586?
5
What is the hundreds digit of 1176?
1
What is the hundreds digit of 190792?
7
What is the thousands digit of 7561?
7
What is the tens digit of 65762?
6
What is the hundreds digit of 311?
3
What is the thousands digit of 3671?
3
What is the tens digit of 6726?
2
What is the hundreds digit of 38530?
5
What is the thousands digit of 13365?
3
What is the thousands digit of 1752?
1
Wha